{"id":30825,"date":"2016-11-17T08:30:55","date_gmt":"2016-11-17T13:30:55","guid":{"rendered":"https:\/\/irpporg.kinsta.cloud\/coe-study\/insight-no11-2\/"},"modified":"2026-08-06T17:45:20","modified_gmt":"2026-08-06T21:45:20","slug":"insight-no11","status":"publish","type":"coe-study","link":"https:\/\/irpporg.kinsta.cloud\/fr\/coe-study\/insight-no11\/","title":{"rendered":"Indigenous Peoples, Canada and the Possibility of Reconciliation"},"content":{"rendered":"<ul>\n<li>C\u2019est en misant sur les progr\u00e8s accomplis depuis les ann\u00e9es 1970, notamment par voie judiciaire, que la r\u00e9conciliation avec les peuples autochtones est devenue un projet v\u00e9ritablement national.<\/li>\n<li>Pour en arriver \u00e0 une authentique r\u00e9conciliation, il faudra privil\u00e9gier sur plusieurs g\u00e9n\u00e9rations l\u2019\u00e9ducation du public et les changements institutionnels.<\/li>\n<li>Avant toutes choses, ceux qui dirigent nos institutions publiques doivent promouvoir l\u2019effort de r\u00e9conciliation et de changement dans l\u2019ensemble de la soci\u00e9t\u00e9 canadienne.<\/li>\n<\/ul>\n<h2><a href=\"https:\/\/irpporg.kinsta.cloud\/wp-content\/uploads\/2016\/11\/reconciliationinfographic.png\"><img fetchpriority=\"high\" decoding=\"async\" class=\"size-full wp-image-7718 aligncenter\" src=\"https:\/\/irpporg.kinsta.cloud\/wp-content\/uploads\/2016\/11\/reconciliationinfographic.png\" alt=\"reconciliationinfographic\" width=\"800\" height=\"717\" \/><\/a><a href=\"https:\/\/irpp.org\/wp-content\/uploads\/2016\/11\/reconciliationinfo.png\"><br \/>\n<\/a><a href=\"https:\/\/irpp.org\/wp-content\/uploads\/2016\/11\/reconciliation-info.png\"><br \/>\n<\/a><a href=\"https:\/\/irpp.org\/wp-content\/uploads\/2016\/11\/reconciliation-infographic.png\"><br \/>\n<\/a><\/h2>\n","protected":false},"excerpt":{"rendered":"<p>C\u2019est en misant sur les progr\u00e8s accomplis depuis les ann\u00e9es 1970, notamment par voie judiciaire, que la r\u00e9conciliation avec les peuples autochtones est devenue un projet v\u00e9ritablement national. Pour en arriver \u00e0 une authentique r\u00e9conciliation, il faudra privil\u00e9gier sur plusieurs g\u00e9n\u00e9rations l\u2019\u00e9ducation du public et les changements institutionnels. Avant toutes choses, ceux qui dirigent nos [&hellip;]<\/p>\n","protected":false},"featured_media":9789,"template":"","meta":{"_acf_changed":false,"footnotes":""},"site-category":[],"section":[],"site-tag":[],"class_list":["post-30825","coe-study","type-coe-study","status-publish","has-post-thumbnail","hentry"],"acf":[],"_links":{"self":[{"href":"https:\/\/irpporg.kinsta.cloud\/fr\/wp-json\/wp\/v2\/coe-study\/30825","targetHints":{"allow":["GET"]}}],"collection":[{"href":"https:\/\/irpporg.kinsta.cloud\/fr\/wp-json\/wp\/v2\/coe-study"}],"about":[{"href":"https:\/\/irpporg.kinsta.cloud\/fr\/wp-json\/wp\/v2\/types\/coe-study"}],"version-history":[{"count":1,"href":"https:\/\/irpporg.kinsta.cloud\/fr\/wp-json\/wp\/v2\/coe-study\/30825\/revisions"}],"predecessor-version":[{"id":30826,"href":"https:\/\/irpporg.kinsta.cloud\/fr\/wp-json\/wp\/v2\/coe-study\/30825\/revisions\/30826"}],"wp:featuredmedia":[{"embeddable":true,"href":"https:\/\/irpporg.kinsta.cloud\/fr\/wp-json\/wp\/v2\/media\/9789"}],"wp:attachment":[{"href":"https:\/\/irpporg.kinsta.cloud\/fr\/wp-json\/wp\/v2\/media?parent=30825"}],"wp:term":[{"taxonomy":"site-category","embeddable":true,"href":"https:\/\/irpporg.kinsta.cloud\/fr\/wp-json\/wp\/v2\/site-category?post=30825"},{"taxonomy":"section","embeddable":true,"href":"https:\/\/irpporg.kinsta.cloud\/fr\/wp-json\/wp\/v2\/section?post=30825"},{"taxonomy":"site-tag","embeddable":true,"href":"https:\/\/irpporg.kinsta.cloud\/fr\/wp-json\/wp\/v2\/site-tag?post=30825"}],"curies":[{"name":"wp","href":"https:\/\/api.w.org\/{rel}","templated":true}]}}

<ul>
<li>C’est en misant sur les progrès accomplis depuis les années 1970, notamment par voie judiciaire, que la réconciliation avec les peuples autochtones est devenue un projet véritablement national.</li>
<li>Pour en arriver à une authentique réconciliation, il faudra privilégier sur plusieurs générations l’éducation du public et les changements institutionnels.</li>
<li>Avant toutes choses, ceux qui dirigent nos institutions publiques doivent promouvoir l’effort de réconciliation et de changement dans l’ensemble de la société canadienne.</li>
</ul>
<h2><a href="https://irpporg.kinsta.cloud/wp-content/uploads/2016/11/reconciliationinfographic.png"><img fetchpriority="high" decoding="async" class="size-full wp-image-7718 aligncenter" src="https://irpporg.kinsta.cloud/wp-content/uploads/2016/11/reconciliationinfographic.png" alt="reconciliationinfographic" width="800" height="717" /></a><a href="https://irpp.org/wp-content/uploads/2016/11/reconciliationinfo.png"><br />
</a><a href="https://irpp.org/wp-content/uploads/2016/11/reconciliation-info.png"><br />
</a><a href="https://irpp.org/wp-content/uploads/2016/11/reconciliation-infographic.png"><br />
</a></h2>

<p>C’est en misant sur les progrès accomplis depuis les années 1970, notamment par voie judiciaire, que la réconciliation avec les peuples autochtones est devenue un projet véritablement national. Pour en arriver à une authentique réconciliation, il faudra privilégier sur plusieurs générations l’éducation du public et les changements institutionnels. Avant toutes choses, ceux qui dirigent nos [&hellip;]</p>
